3*m(p). Suppose 4*s = -2*z + 12, 5*z + 4 = -2*s + 2. What is c(s)?
4
Let a = 3 - 0. Let b be (-3)/(2*a/(-6)). Suppose -b*o + 7*m = 4*m - 12, -5*o + 3*m = -18. Let u(y) = y + 1. What is u(o)?
4
Let h(g) be the second derivative of -4*g**3/3 - 3*g**2/2 - 12*g. Give h(-2).
13
Let w(y) = y**2 + 4*y - 1. Suppose -20 - 5 = 5*c. What is w(c)?
4
Let z be 2 + -2 + 0 - -1. Let c = z + 3. Suppose -3*w - c = -2*a, -a + 0*a + 11 = 3*w. Let s(o) = -o**3 + 4*o**2 + 7*o - 6. Give s(a).
4
Let y(o) be the third derivative of o**6/120 + 7*o**5/60 - o**4/24 - 5*o**3/6 - 2*o**2. Give y(-7).
2
Let c(f) = -13*f + 5*f**2 + 8*f + 6*f. What is c(1)?
6
Let v(o) = o. Let l(a) = 2*a + 31. Let k be l(-16). Calculate v(k).
-1
Suppose -3 + 13 = 5*f - 3*y, 0 = -3*f - y + 20. Suppose -d - 12 = -f*d. Let w(g) = -10*g**3 + 1 + 3*g**3 + 2*g - 4*g**d. Determine w(-1).
10
Suppose 21 = -7*y + 4*y. Let q(b) = b + 8. Give q(y).
1
Let b(j) = -j**2 + 2*j + 21. Let m be b(6). Let r(h) = -h**2 - 2*h + 2. Give r(m).
-1
Let n be 8/4 + (-6)/(-3). Let b(k) = k + 1. Give b(n).
5
Suppose 2*y + 1 = -5*p - 9, -26 = -2*y + 4*p. Let h(z) = -z**2 + 5*z - 4. Determine h(y).
-4
Let n = 13 + -9. Let q(f) = -2*f**2 + 6*f. Determine q(n).
-8
Let l = -1 - -4. Let y(m) = -3*m - 5*m**3 + 2*m**l + 2*m**3 - 3*m**2. Give y(-2).
2
Let k(d) = d - 8. Suppose 2*i + 7*i = 0. What is k(i)?
-8
Let y(r) = r**3 - 4*r**2 + r. Let t = 37 - 25. Let x(k) = k**3 - 13*k**2 + 13*k - 9. Let v be x(t). Determine y(v).
-6
Let x(b) = -3*b**2 - 3*b - 2. Suppose 0 = 5*l - 2*y + 10, -3*l = 2*l - 4*y + 10. Calculate x(l).
-8
Let d be (-2)/(-5) + 135/(-25). Let l(t) = 3*t**3 + 18*t**2 + 12*t - 1. Let u(v) = -v**3 - 6*v**2 - 4*v. Let g(q) = -4*l(q) - 11*u(q). Determine g(d).
-1
Let d(s) = -s**3 + s**2 - s + 1. Let h(w) = -6*w**3 + w**2 - 9*w + 2. Let p(y) = -5*d(y) + h(y). Let k be (-4)/(-10)*(-10)/(-2 - -4). Determine p(k).
-3
Let f(w) be the second derivative of -w**8/6720 - w**7/504 - w**6/360 + w**5/40 + w**4/3 + 4*w. Let y(x) be the third derivative of f(x). What is y(-5)?
13
Let g(h) = 2*h + 5. Let i(o) = -o**2 - 10*o + 6. Let l be i(-11). Determine g(l).
-5
Let t(p) = 2*p**3 + p**2 - 1. Let q(l) = -l**2 - 13*l - 11. Let g be q(-12). Give t(g).
2
Let h = -336 + 339. Let m(k) = 4*k**2 + 2*k + 1. Let u be m(-1). Let y(n) = 2*n**u - 2*n - n**2 - n**3 - n. What is y(h)?
9
Let p(k) = -5*k - 3. Let x(l) = l + 1. Let y = -9 - -15. Let g(i) = y*x(i) + p(i). Calculate g(6).
9
Let k(b) = -b - 11. Suppose 0 = -2*j - z - 5, z - 4*z - 15 = 0. What is k(j)?
-11
Let b be (6/18)/((-3)/(-9)). Let c(j) be the first derivative of -2*j + 3/2*j**2 - j**3 - b. What is c(2)?
-8
Let k(w) = 4*w - 1. Let o = 34 - 35. Calculate k(o).
-5
Suppose -4*j - 5*o - 19 = 0, 4*o + 0*o + 14 = -3*j. Let l = j - -6. Let u(m) = l - 3*m**2 - 3 + 1 + 2*m + 2*m**2. Calculate u(4).
-10
Let r be (4/(-16))/(3/12). Let d be (-1)/(((-2)/6)/r). Let y(l) = -2*l**2 - l + 1. Give y(d).
-14
Let w(v) = v - 3. Let u = -10 - -6. Let x(q) = 0 - q + 5 - 1. Let f(b) = u*x(b) - 3*w(b). What is f(5)?
-2
Let a(z) be the first derivative of 2*z**2 + z - 15. Calculate a(-3).
-11
Let s = 8 + -14. Let t be (s - -3 - -1)/(-2). Suppose 0 = -2*p + p - t. Let k(q) = 2*q**3 - 2*q**2 - q. What is k(p)?
-3
Suppose -3 + 8 = 5*y. Let n(j) be the third derivative of -2*j**5/15 + j**4/24 + j**2. What is n(y)?
-7
Let p(c) = 3 + 55*c + 0*c**2 - 53*c - 3*c**2. Give p(-2).
-13
Let i be ((-5)/4)/(4/(-16)). Suppose i - 1 = 4*v. Let r(o) be the first derivative of -o**4 - 2*o**3/3 + o - 2. Give r(v).
-5
Let h(z) = 9*z + 15. Let v(d) = 4*d + 7. Let p(t) = -3*h(t) + 7*v(t). Give p(-11).
-7
Let w(p) = 7*p - 19. Let b(d) = -11*d + 29. Let m(o) = -5*b(o) - 8*w(o). Let h = -3 + 8. Give m(h).
2
Let c(w) be the third derivative of -w**6/120 - 7*w**5/60 - w**4/4 - 5*w**3/6 + 5*w**2 - 3. Determine c(-6).
-5
Let c be (-2)/(-10) + (-22)/10. Let z(a) be the second derivative of -a**5/120 + a**4/12 - 2*a**3/3 + a. Let s(b) be the second derivative of z(b). Give s(c).
4
Let g(w) = w**3 - 7*w**2 - 7*w - 8. Let z be g(8). Let j(y) = 2 + z + y**2 + 2*y - y**2 - y**2. Determine j(-2).
-6
Let j(f) = -f**3 - 3*f**2 + 2*f + 3. Let v(s) = 3*s**2 + 41*s - 16. Let w be v(-14). Give j(w).
-5
Let c(b) = -7 + 2*b**2 - 3*b**2 + 3 - 6*b. Let z(u) = u**3 + 4*u**2 - 2*u + 4. Let x be z(-4). Let p = 8 - x. Calculate c(p).
4
Let u be ((-1)/(-3))/(-1*(-4)/(-24)). Let i(j) = -j**2 - 5*j - 1. What is i(u)?
5
Suppose 2*f - 3*q = -23, -2*f - 4*q = 3*f. Let x(m) = -m**3 + 4*m**2 + 5*m - 6. Let w be x(5). Let k = f - w. Let c(y) = -y**2 - y. Calculate c(k).
-6
Let d(r) be the first derivative of -r**2 - 8*r - 3. Give d(-7).
6
Suppose 2*p - 4*r + 3*r = -1, 0 = p - r - 2. Let n(j) = -j**2 + j - 3. Let t(f) = f. Let v(x) = n(x) - 3*t(x). Give v(p).
-6
Suppose 2*v - 9 = -v. Let u be (-2)/(-9) - 25/(-9). Let m(w) = -u - 1 + v - w. What is m(0)?
-1
Let z(t) = t + 3. Let d(w) = w + 3. Let n(x) = -5*d(x) + 4*z(x). What is n(-6)?
3
Let j(l) = -l**2 - 2*l + 3. Let q be 1/(-1 - -3)*-6. Let h be -2 - (-4)/6*q. Let a be j(h). Let m(i) = -2*i - 4. Calculate m(a).
6
Let g(t) = -4 + 3*t**2 + t**2 - 1 - 5*t**2 - 4*t. Let f be (-4)/18 + 136/(-36). Calculate g(f).
-5
Suppose -k = -4*p - 17, -k = -3*k - p - 2. Let q(j) = -6*j + 1. Give q(k).
-5
Let c(s) = -5*s + 14. Let f(w) = -14*w + 41. Let z = -3 - -9. Let u(v) = z*f(v) - 17*c(v). Calculate u(-6).
2
Let b(j) = -4*j - 3. Let r(l) = 1. Let o(t) = -b(t) - 4*r(t). Let v be o(2). Suppose v = -k + p + 2, -k - 2*p = 5. Let d(q) = q**2 + 5*q - 7. What is d(k)?
-7
Let w(n) = -n**2 - 7*n - 8. Let o(d) = -d**2 - 6*d - 7. Let z(s) = -5*o(s) + 4*w(s). Calculate z(-3).
6
Let n be (-1)/(1 + 0/(-1)). Let h = n + 1. Let t(r) = 3*r**3 - 7*r**2 + 3*r - 11. Let b(k) = k**3 - 2*k**2 + k - 4. Let w(d) = 7*b(d) - 2*t(d). Give w(h).
-6
Let s(i) = -i**3 + i - 1. Let l(m) = 7*m**3 + 5*m**2 - 3*m + 7. Let o(f) = l(f) + 6*s(f). What is o(-4)?
5
Let f(i) = -2*i + 5. Let k = 59 + -54. Calculate f(k).
-5
Suppose 0 = -2*k - 0*k + 2. Suppose -7 - k = 4*u. Let g(p) = -2 - p + 3 + 1. Determine g(u).
4
Let q(t) be the third derivative of -t**4/24 + t**3/6 + 5*t**2. What is q(-3)?
4
Let j(b) = -b**3 - b**2 - 5. Let m(t) = t + 1. Let w(l) = -j(l) - 3*m(l). What is w(-3)?
-7
Let p(m) = 6*m**2 + 2*m + 2. Let i(f) = 5*f**2 + 2*f + 1. Let x(z) = 3*i(z) - 2*p(z). Determine x(-2).
7
Let k(b) = b**2 + 5*b - 2. Let r be 5 - 0/(3 - 2). Let m(f) = f**2 + 6*f - 2. Let h(g) = r*m(g) - 6*k(g). Let o(x) = x - 2. Let j be o(2). Calculate h(j).
2
Let f(d) be the first derivative of -d**4/4 - d**3 + d**2 - 5*d - 3. Give f(-4).
3
Let y(b) be the third derivative of -b**4/12 - b**3/6 - 2*b**2. Let j(r) = 1 - 3*r - 3 + 0*r. Let i(h) = -3*j(h) + 5*y(h). What is i(3)?
-2
Suppose 4*h - 3*h = 11. Suppose -5*p + 19 = -4*p + 4*x, p + h = 2*x. Let g(d) = d. What is g(p)?
-1
Let q(m) = 10*m - m**2 - 5*m + 0*m**2 - 6 + 2*m**2. Calculate q(-7).
8
Suppose -2*p - 4 = -3*p. Let h(k) = -k**3 - k**2 + k + 5. Let w be h(0). Let z(x) = 7 - w - x + 2 + x**2 - 4*x. Calculate z(p).
0
Let h(n) = -n**2 - 4*n + 2. Let f = 104 + -112. Calculate h(f).
-30
Let j(q) = q + 11. Let v(k) = -k**3 + 9*k**2 - k + 3. Let i(p) = -p**2 - 5*p + 5. Let c be i(-4). Let g be v(c). Give j(g).
5
Let h(x) = 3 - 7 - 3*x - 2*x**2 + 3*x**2. Let z(n) = n - 9. Let d be z(11). Suppose -3 = -d*y + 7. Calculate h(y).
6
Let v(u) be the second derivative of -u**7/840 - u**6/90 + u**5/20 - u**3/3 + 3*u. Let l(s) be the second derivative of v(s). Calculate l(-5).
-5
Suppose 140 = 2*u + 3*u. Suppose -5*t = -u - 7. Let g(d) = -1 - d**3 - t*d + 7*d + 4*d**2. Determine g(3).
8
Let h(i) = -i**3 + 5*i**2 + 9*i - 9. Let t(z) be the second derivative of -z**3/2 - 6*z**2 + 6*z. Let f be t(-6). Calculate h(f).
9
Let k = -5 + 9. Let o(x) be the third derivative of -x**4/24 + x**3/2 + 2*x**2. Determine o(k).
-1
Let q(l) = -7*l**2. Let v(b) be the first derivative of b**2/2 - 8*b - 1. Let w be v(9). What is q(w)?
-7
Let r(u) = -u**2 + 2 - 3*u**2 - 1 + 2*u. Let l = 8 + -9. Determine r(l).
-5
Let d(w) = w**2 + 4*w. Suppose -3*x = -6*x. Suppose 3*k + 12 = x, -3*z - k - 1 = 9. Let u be ((-1 - -2)*6)/z. Calculate d(u).
-3
Let r be (0 - -1)*6/3. Let m(g) = g - g + g**r + g. Let p(k) = -4*k**2 + 2*k + 1. Let h(v) = -3*m(v) - p(v). Calculate h(5)